{"id":6640,"date":"2022-01-12T19:05:58","date_gmt":"2022-01-12T18:05:58","guid":{"rendered":"https:\/\/www.labemacosmetics.com\/?post_type=product&#038;p=6640"},"modified":"2023-11-10T19:05:27","modified_gmt":"2023-11-10T18:05:27","slug":"coffret-parfum-garden-party-yves-rocher","status":"publish","type":"product","link":"https:\/\/labemacosmetics.com\/en\/product\/coffret-parfum-garden-party-yves-rocher\/","title":{"rendered":"Yves Rocher My Vanille Garden"},"content":{"rendered":"<p>Envie d&rsquo;un cadeau qui incarne l&rsquo;esprit de No\u00ebl ?\u00a0 Cette eau de toilette en \u00e9dition limit\u00e9e, sp\u00e9cialement cr\u00e9\u00e9e pour les f\u00eates de fin d&rsquo;ann\u00e9e est le cadeau id\u00e9al. Vous ne r\u00e9sisterez pas \u00e0 ses notes de vanille et d&rsquo;orange qui font p\u00e9tiller les sens. Un vrai parfum de f\u00eate<\/p>","protected":false},"excerpt":{"rendered":"<p>\u00ab\u00a0Rires en cascade, fra\u00eecheur des bouquets, \u00e9clat du soleil embrassant les roses, la f\u00eate s\u2019installe au jardin ! Garden Party \u00e9voque la gaiet\u00e9 des f\u00eates printani\u00e8res, les retrouvailles joyeuses, les rires insouciants.\u00a0\u00bb<\/p>","protected":false},"featured_media":6641,"comment_status":"open","ping_status":"closed","template":"","meta":{"om_disable_all_campaigns":false,"_mi_skip_tracking":false,"_monsterinsights_sitenote_active":false,"_monsterinsights_sitenote_note":"","_monsterinsights_sitenote_category":0},"product_brand":[],"product_cat":[127,1771,1797],"product_tag":[],"class_list":{"0":"post-6640","1":"product","2":"type-product","3":"status-publish","4":"has-post-thumbnail","6":"product_cat-boutique","7":"product_cat-parfums","8":"product_cat-parfums-femme","9":"yith_product_brand-yves-rocher","11":"first","12":"outofstock","13":"sale","14":"shipping-taxable","15":"purchasable","16":"product-type-simple"},"yoast_head":"<!-- This site is optimized with the Yoast SEO Premium plugin v20.8 (Yoast SEO v27.4) - https:\/\/yoast.com\/product\/yoast-seo-premium-wordpress\/ -->\n<title>Yves Rocher My Vanille Garden - Lab&eacute;ma Cosmetics<\/title>\n<meta name=\"robots\" content=\"index, follow, max-snippet:-1, max-image-preview:large, max-video-preview:-1\" \/>\n<link rel=\"canonical\" href=\"https:\/\/labemacosmetics.com\/en\/product\/coffret-parfum-garden-party-yves-rocher\/\" \/>\n<meta property=\"og:locale\" content=\"en_GB\" \/>\n<meta property=\"og:type\" content=\"article\" \/>\n<meta property=\"og:title\" content=\"Yves Rocher My Vanille Garden\" \/>\n<meta property=\"og:description\" content=\"&quot;Rires en cascade, fra\u00eecheur des bouquets, \u00e9clat du soleil embrassant les roses, la f\u00eate s\u2019installe au jardin ! Garden Party \u00e9voque la gaiet\u00e9 des f\u00eates printani\u00e8res, les retrouvailles joyeuses, les rires insouciants.&quot;\" \/>\n<meta property=\"og:url\" content=\"https:\/\/labemacosmetics.com\/en\/product\/coffret-parfum-garden-party-yves-rocher\/\" \/>\n<meta property=\"og:site_name\" content=\"Lab&eacute;ma Cosmetics\" \/>\n<meta property=\"article:publisher\" content=\"http:\/\/www.facebook.com\/labemacosmetics\" \/>\n<meta property=\"article:modified_time\" content=\"2023-11-10T18:05:27+00:00\" \/>\n<meta property=\"og:image\" content=\"https:\/\/labemacosmetics.com\/wp-content\/uploads\/2022\/01\/yves-rocher-coffret-my-vanilla-garden-collection-de-noel-eau-de-toilette-.jpg\" \/>\n\t<meta property=\"og:image:width\" content=\"600\" \/>\n\t<meta property=\"og:image:height\" content=\"554\" \/>\n\t<meta property=\"og:image:type\" content=\"image\/jpeg\" \/>\n<meta name=\"twitter:card\" content=\"summary_large_image\" \/>\n<meta name=\"twitter:site\" content=\"@Labemasn\" \/>\n<meta name=\"twitter:label1\" content=\"Price\" \/>\n\t<meta name=\"twitter:data1\" content=\"15 000&nbsp;CFA\" \/>\n\t<meta name=\"twitter:label2\" content=\"Availability\" \/>\n\t<meta name=\"twitter:data2\" content=\"Out of stock\" \/>\n<script type=\"application\/ld+json\" class=\"yoast-schema-graph\">{\"@context\":\"https:\\\/\\\/schema.org\",\"@graph\":[{\"@type\":\"WebPage\",\"@id\":\"https:\\\/\\\/labemacosmetics.com\\\/en\\\/product\\\/coffret-parfum-garden-party-yves-rocher\\\/\",\"url\":\"https:\\\/\\\/labemacosmetics.com\\\/en\\\/product\\\/coffret-parfum-garden-party-yves-rocher\\\/\",\"name\":\"Yves Rocher My Vanille Garden - Lab&eacute;ma Cosmetics\",\"isPartOf\":{\"@id\":\"https:\\\/\\\/labemacosmetics.com\\\/#website\"},\"primaryImageOfPage\":{\"@id\":\"https:\\\/\\\/labemacosmetics.com\\\/en\\\/product\\\/coffret-parfum-garden-party-yves-rocher\\\/#primaryimage\"},\"image\":{\"@id\":\"https:\\\/\\\/labemacosmetics.com\\\/en\\\/product\\\/coffret-parfum-garden-party-yves-rocher\\\/#primaryimage\"},\"thumbnailUrl\":\"https:\\\/\\\/labemacosmetics.com\\\/wp-content\\\/uploads\\\/2022\\\/01\\\/yves-rocher-coffret-my-vanilla-garden-collection-de-noel-eau-de-toilette-.jpg\",\"datePublished\":\"2022-01-12T18:05:58+00:00\",\"dateModified\":\"2023-11-10T18:05:27+00:00\",\"breadcrumb\":{\"@id\":\"https:\\\/\\\/labemacosmetics.com\\\/en\\\/product\\\/coffret-parfum-garden-party-yves-rocher\\\/#breadcrumb\"},\"inLanguage\":\"en-GB\",\"potentialAction\":[{\"@type\":\"ReadAction\",\"target\":[\"https:\\\/\\\/labemacosmetics.com\\\/en\\\/product\\\/coffret-parfum-garden-party-yves-rocher\\\/\"]}]},{\"@type\":\"ImageObject\",\"inLanguage\":\"en-GB\",\"@id\":\"https:\\\/\\\/labemacosmetics.com\\\/en\\\/product\\\/coffret-parfum-garden-party-yves-rocher\\\/#primaryimage\",\"url\":\"https:\\\/\\\/labemacosmetics.com\\\/wp-content\\\/uploads\\\/2022\\\/01\\\/yves-rocher-coffret-my-vanilla-garden-collection-de-noel-eau-de-toilette-.jpg\",\"contentUrl\":\"https:\\\/\\\/labemacosmetics.com\\\/wp-content\\\/uploads\\\/2022\\\/01\\\/yves-rocher-coffret-my-vanilla-garden-collection-de-noel-eau-de-toilette-.jpg\",\"width\":600,\"height\":554},{\"@type\":\"BreadcrumbList\",\"@id\":\"https:\\\/\\\/labemacosmetics.com\\\/en\\\/product\\\/coffret-parfum-garden-party-yves-rocher\\\/#breadcrumb\",\"itemListElement\":[{\"@type\":\"ListItem\",\"position\":1,\"name\":\"Accueil\",\"item\":\"https:\\\/\\\/labemacosmetics.com\\\/\"},{\"@type\":\"ListItem\",\"position\":2,\"name\":\"Produits\",\"item\":\"https:\\\/\\\/labemacosmetics.com\\\/shop\\\/\"},{\"@type\":\"ListItem\",\"position\":3,\"name\":\"Yves Rocher My Vanille Garden\"}]},{\"@type\":\"WebSite\",\"@id\":\"https:\\\/\\\/labemacosmetics.com\\\/#website\",\"url\":\"https:\\\/\\\/labemacosmetics.com\\\/\",\"name\":\"Lab&eacute;ma Cosmetics\",\"description\":\"\",\"potentialAction\":[{\"@type\":\"SearchAction\",\"target\":{\"@type\":\"EntryPoint\",\"urlTemplate\":\"https:\\\/\\\/labemacosmetics.com\\\/?s={search_term_string}\"},\"query-input\":{\"@type\":\"PropertyValueSpecification\",\"valueRequired\":true,\"valueName\":\"search_term_string\"}}],\"inLanguage\":\"en-GB\"}]}<\/script>\n<meta property=\"product:brand\" content=\"Yves Rocher\" \/>\n<meta property=\"product:price:amount\" content=\"15000\" \/>\n<meta property=\"product:price:currency\" content=\"XOF\" \/>\n<meta property=\"og:availability\" content=\"out of stock\" \/>\n<meta property=\"product:availability\" content=\"out of stock\" \/>\n<meta property=\"product:condition\" content=\"new\" \/>\n<!-- \/ Yoast SEO Premium plugin. -->","yoast_head_json":{"title":"Yves Rocher My Vanille Garden - Lab&eacute;ma Cosmetics","robots":{"index":"index","follow":"follow","max-snippet":"max-snippet:-1","max-image-preview":"max-image-preview:large","max-video-preview":"max-video-preview:-1"},"canonical":"https:\/\/labemacosmetics.com\/en\/product\/coffret-parfum-garden-party-yves-rocher\/","og_locale":"en_GB","og_type":"article","og_title":"Yves Rocher My Vanille Garden","og_description":"\"Rires en cascade, fra\u00eecheur des bouquets, \u00e9clat du soleil embrassant les roses, la f\u00eate s\u2019installe au jardin ! Garden Party \u00e9voque la gaiet\u00e9 des f\u00eates printani\u00e8res, les retrouvailles joyeuses, les rires insouciants.\"","og_url":"https:\/\/labemacosmetics.com\/en\/product\/coffret-parfum-garden-party-yves-rocher\/","og_site_name":"Lab&eacute;ma Cosmetics","article_publisher":"http:\/\/www.facebook.com\/labemacosmetics","article_modified_time":"2023-11-10T18:05:27+00:00","og_image":[{"width":600,"height":554,"url":"https:\/\/labemacosmetics.com\/wp-content\/uploads\/2022\/01\/yves-rocher-coffret-my-vanilla-garden-collection-de-noel-eau-de-toilette-.jpg","type":"image\/jpeg"}],"twitter_card":"summary_large_image","twitter_site":"@Labemasn","twitter_misc":{"Price":"15 000&nbsp;CFA","Availability":"Out of stock"},"schema":{"@context":"https:\/\/schema.org","@graph":[{"@type":"WebPage","@id":"https:\/\/labemacosmetics.com\/en\/product\/coffret-parfum-garden-party-yves-rocher\/","url":"https:\/\/labemacosmetics.com\/en\/product\/coffret-parfum-garden-party-yves-rocher\/","name":"Yves Rocher My Vanille Garden - Lab&eacute;ma Cosmetics","isPartOf":{"@id":"https:\/\/labemacosmetics.com\/#website"},"primaryImageOfPage":{"@id":"https:\/\/labemacosmetics.com\/en\/product\/coffret-parfum-garden-party-yves-rocher\/#primaryimage"},"image":{"@id":"https:\/\/labemacosmetics.com\/en\/product\/coffret-parfum-garden-party-yves-rocher\/#primaryimage"},"thumbnailUrl":"https:\/\/labemacosmetics.com\/wp-content\/uploads\/2022\/01\/yves-rocher-coffret-my-vanilla-garden-collection-de-noel-eau-de-toilette-.jpg","datePublished":"2022-01-12T18:05:58+00:00","dateModified":"2023-11-10T18:05:27+00:00","breadcrumb":{"@id":"https:\/\/labemacosmetics.com\/en\/product\/coffret-parfum-garden-party-yves-rocher\/#breadcrumb"},"inLanguage":"en-GB","potentialAction":[{"@type":"ReadAction","target":["https:\/\/labemacosmetics.com\/en\/product\/coffret-parfum-garden-party-yves-rocher\/"]}]},{"@type":"ImageObject","inLanguage":"en-GB","@id":"https:\/\/labemacosmetics.com\/en\/product\/coffret-parfum-garden-party-yves-rocher\/#primaryimage","url":"https:\/\/labemacosmetics.com\/wp-content\/uploads\/2022\/01\/yves-rocher-coffret-my-vanilla-garden-collection-de-noel-eau-de-toilette-.jpg","contentUrl":"https:\/\/labemacosmetics.com\/wp-content\/uploads\/2022\/01\/yves-rocher-coffret-my-vanilla-garden-collection-de-noel-eau-de-toilette-.jpg","width":600,"height":554},{"@type":"BreadcrumbList","@id":"https:\/\/labemacosmetics.com\/en\/product\/coffret-parfum-garden-party-yves-rocher\/#breadcrumb","itemListElement":[{"@type":"ListItem","position":1,"name":"Accueil","item":"https:\/\/labemacosmetics.com\/"},{"@type":"ListItem","position":2,"name":"Produits","item":"https:\/\/labemacosmetics.com\/shop\/"},{"@type":"ListItem","position":3,"name":"Yves Rocher My Vanille Garden"}]},{"@type":"WebSite","@id":"https:\/\/labemacosmetics.com\/#website","url":"https:\/\/labemacosmetics.com\/","name":"Lab&eacute;ma Cosmetics","description":"","potentialAction":[{"@type":"SearchAction","target":{"@type":"EntryPoint","urlTemplate":"https:\/\/labemacosmetics.com\/?s={search_term_string}"},"query-input":{"@type":"PropertyValueSpecification","valueRequired":true,"valueName":"search_term_string"}}],"inLanguage":"en-GB"}]},"product_brand":"Yves Rocher","product_price_amount":"15000","product_price_currency":"XOF","og_availability":"out of stock","product_availability":"out of stock","product_condition":"new"},"_links":{"self":[{"href":"https:\/\/labemacosmetics.com\/en\/wp-json\/wp\/v2\/product\/6640","targetHints":{"allow":["GET"]}}],"collection":[{"href":"https:\/\/labemacosmetics.com\/en\/wp-json\/wp\/v2\/product"}],"about":[{"href":"https:\/\/labemacosmetics.com\/en\/wp-json\/wp\/v2\/types\/product"}],"replies":[{"embeddable":true,"href":"https:\/\/labemacosmetics.com\/en\/wp-json\/wp\/v2\/comments?post=6640"}],"version-history":[{"count":1,"href":"https:\/\/labemacosmetics.com\/en\/wp-json\/wp\/v2\/product\/6640\/revisions"}],"predecessor-version":[{"id":9220,"href":"https:\/\/labemacosmetics.com\/en\/wp-json\/wp\/v2\/product\/6640\/revisions\/9220"}],"wp:featuredmedia":[{"embeddable":true,"href":"https:\/\/labemacosmetics.com\/en\/wp-json\/wp\/v2\/media\/6641"}],"wp:attachment":[{"href":"https:\/\/labemacosmetics.com\/en\/wp-json\/wp\/v2\/media?parent=6640"}],"wp:term":[{"taxonomy":"product_brand","embeddable":true,"href":"https:\/\/labemacosmetics.com\/en\/wp-json\/wp\/v2\/product_brand?post=6640"},{"taxonomy":"product_cat","embeddable":true,"href":"https:\/\/labemacosmetics.com\/en\/wp-json\/wp\/v2\/product_cat?post=6640"},{"taxonomy":"product_tag","embeddable":true,"href":"https:\/\/labemacosmetics.com\/en\/wp-json\/wp\/v2\/product_tag?post=6640"}],"curies":[{"name":"wp","href":"https:\/\/api.w.org\/{rel}","templated":true}]}}

<p>Envie d&rsquo;un cadeau qui incarne l&rsquo;esprit de Noël ?  Cette eau de toilette en édition limitée, spécialement créée pour les fêtes de fin d&rsquo;année est le cadeau idéal. Vous ne résisterez pas à ses notes de vanille et d&rsquo;orange qui font pétiller les sens. Un vrai parfum de fête</p>

<p>« Rires en cascade, fraîcheur des bouquets, éclat du soleil embrassant les roses, la fête s’installe au jardin ! Garden Party évoque la gaieté des fêtes printanières, les retrouvailles joyeuses, les rires insouciants. »</p>

<!-- This site is optimized with the Yoast SEO Premium plugin v20.8 (Yoast SEO v27.4) - https://yoast.com/product/yoast-seo-premium-wordpress/ -->
<title>Yves Rocher My Vanille Garden - Lab&eacute;ma Cosmetics</title>
<meta name="robots" content="index, follow, max-snippet:-1, max-image-preview:large, max-video-preview:-1" />
<link rel="canonical" href="https://labemacosmetics.com/en/product/coffret-parfum-garden-party-yves-rocher/" />
<meta property="og:locale" content="en_GB" />
<meta property="og:type" content="article" />
<meta property="og:title" content="Yves Rocher My Vanille Garden" />
<meta property="og:description" content="&quot;Rires en cascade, fraîcheur des bouquets, éclat du soleil embrassant les roses, la fête s’installe au jardin ! Garden Party évoque la gaieté des fêtes printanières, les retrouvailles joyeuses, les rires insouciants.&quot;" />
<meta property="og:url" content="https://labemacosmetics.com/en/product/coffret-parfum-garden-party-yves-rocher/" />
<meta property="og:site_name" content="Lab&eacute;ma Cosmetics" />
<meta property="article:publisher" content="http://www.facebook.com/labemacosmetics" />
<meta property="article:modified_time" content="2023-11-10T18:05:27+00:00" />
<meta property="og:image" content="https://labemacosmetics.com/wp-content/uploads/2022/01/yves-rocher-coffret-my-vanilla-garden-collection-de-noel-eau-de-toilette-.jpg" />
	<meta property="og:image:width" content="600" />
	<meta property="og:image:height" content="554" />
	<meta property="og:image:type" content="image/jpeg" />
<meta name="twitter:card" content="summary_large_image" />
<meta name="twitter:site" content="@Labemasn" />
<meta name="twitter:label1" content="Price" />
	<meta name="twitter:data1" content="15 000&nbsp;CFA" />
	<meta name="twitter:label2" content="Availability" />
	<meta name="twitter:data2" content="Out of stock" />
<script type="application/ld+json" class="yoast-schema-graph">{"@context":"https:\/\/schema.org","@graph":[{"@type":"WebPage","@id":"https:\/\/labemacosmetics.com\/en\/product\/coffret-parfum-garden-party-yves-rocher\/","url":"https:\/\/labemacosmetics.com\/en\/product\/coffret-parfum-garden-party-yves-rocher\/","name":"Yves Rocher My Vanille Garden - Lab&eacute;ma Cosmetics","isPartOf":{"@id":"https:\/\/labemacosmetics.com\/#website"},"primaryImageOfPage":{"@id":"https:\/\/labemacosmetics.com\/en\/product\/coffret-parfum-garden-party-yves-rocher\/#primaryimage"},"image":{"@id":"https:\/\/labemacosmetics.com\/en\/product\/coffret-parfum-garden-party-yves-rocher\/#primaryimage"},"thumbnailUrl":"https:\/\/labemacosmetics.com\/wp-content\/uploads\/2022\/01\/yves-rocher-coffret-my-vanilla-garden-collection-de-noel-eau-de-toilette-.jpg","datePublished":"2022-01-12T18:05:58+00:00","dateModified":"2023-11-10T18:05:27+00:00","breadcrumb":{"@id":"https:\/\/labemacosmetics.com\/en\/product\/coffret-parfum-garden-party-yves-rocher\/#breadcrumb"},"inLanguage":"en-GB","potentialAction":[{"@type":"ReadAction","target":["https:\/\/labemacosmetics.com\/en\/product\/coffret-parfum-garden-party-yves-rocher\/"]}]},{"@type":"ImageObject","inLanguage":"en-GB","@id":"https:\/\/labemacosmetics.com\/en\/product\/coffret-parfum-garden-party-yves-rocher\/#primaryimage","url":"https:\/\/labemacosmetics.com\/wp-content\/uploads\/2022\/01\/yves-rocher-coffret-my-vanilla-garden-collection-de-noel-eau-de-toilette-.jpg","contentUrl":"https:\/\/labemacosmetics.com\/wp-content\/uploads\/2022\/01\/yves-rocher-coffret-my-vanilla-garden-collection-de-noel-eau-de-toilette-.jpg","width":600,"height":554},{"@type":"BreadcrumbList","@id":"https:\/\/labemacosmetics.com\/en\/product\/coffret-parfum-garden-party-yves-rocher\/#breadcrumb","itemListElement":[{"@type":"ListItem","position":1,"name":"Accueil","item":"https:\/\/labemacosmetics.com\/"},{"@type":"ListItem","position":2,"name":"Produits","item":"https:\/\/labemacosmetics.com\/shop\/"},{"@type":"ListItem","position":3,"name":"Yves Rocher My Vanille Garden"}]},{"@type":"WebSite","@id":"https:\/\/labemacosmetics.com\/#website","url":"https:\/\/labemacosmetics.com\/","name":"Lab&eacute;ma Cosmetics","description":"","potentialAction":[{"@type":"SearchAction","target":{"@type":"EntryPoint","urlTemplate":"https:\/\/labemacosmetics.com\/?s={search_term_string}"},"query-input":{"@type":"PropertyValueSpecification","valueRequired":true,"valueName":"search_term_string"}}],"inLanguage":"en-GB"}]}</script>
<meta property="product:brand" content="Yves Rocher" />
<meta property="product:price:amount" content="15000" />
<meta property="product:price:currency" content="XOF" />
<meta property="og:availability" content="out of stock" />
<meta property="product:availability" content="out of stock" />
<meta property="product:condition" content="new" />
<!-- / Yoast SEO Premium plugin. -->

"Rires en cascade, fraîcheur des bouquets, éclat du soleil embrassant les roses, la fête s’installe au jardin ! Garden Party évoque la gaieté des fêtes printanières, les retrouvailles joyeuses, les rires insouciants."
