{"id":3201,"date":"2017-08-22T02:50:50","date_gmt":"2017-08-22T01:50:50","guid":{"rendered":"https:\/\/www.labemacosmetics.com\/shop\/all-categories\/maquillage\/the-masquerade-mini-by-juvias\/"},"modified":"2023-06-26T02:05:09","modified_gmt":"2023-06-26T01:05:09","slug":"the-masquerade-mini-by-juvias","status":"publish","type":"product","link":"https:\/\/labemacosmetics.com\/en\/product\/the-masquerade-mini-by-juvias\/","title":{"rendered":"JUVIAS Palette The Masquerade Mini"},"content":{"rendered":"<h6><strong>The masquerade mini by juvias<\/strong><\/h6>\n<p id=\"tw-target-text\" class=\"tw-data-text tw-ta tw-text-small\" dir=\"ltr\" data-placeholder=\"Traduction\">Cette palette \u00ab\u00a0 <strong>The masquerade mini by juvias<\/strong>\u00a0\u00bb aux<strong>\u00a016 teintes<\/strong>, a \u00e9t\u00e9 inspir\u00e9e des festivit\u00e9s Africaines remplies de joie et d\u2019activit\u00e9s spirituelles.Alors\u00a0 les couleurs vives repr\u00e9sentent les costumes utilis\u00e9s aux festivals. Ainsi les teintes Nude et brunes repr\u00e9sentent \u00a0le sol Africain et ses environnements. L\u2019\u00e9quilibre parfait entre le neutre et le vif. <span lang=\"fr\">Avec l&rsquo;\u00e9quilibre parfait des nuances audacieuses et neutres. Donc la palette de mini masquerade repr\u00e9sente les costumes et le sol de la culture et des environnements africains. Combinant des finis chatoyants et mates, appliquez humide ou sec pour cr\u00e9er des regards d&rsquo;oeil intenses et \u00e0 fort impact.<\/span><\/p>\n<p id=\"tw-target-text\" class=\"tw-data-text tw-ta tw-text-small\" dir=\"ltr\" data-placeholder=\"Traduction\"><span lang=\"fr\">cette palette est une version plus petite de la palette de mascarade. Voyage amical et compatible. Parfait pour l&rsquo;amant de maquillage de tous les jours.<\/span><\/p>\n<div id=\"postdivrich\" class=\"postarea wp-editor-expand\">\n<div id=\"wp-content-wrap\" class=\"wp-core-ui wp-editor-wrap tmce-active has-dfw\">\n<div id=\"wp-content-editor-tools\" class=\"wp-editor-tools hide-if-no-js\">\n<div id=\"wp-content-media-buttons\" class=\"wp-media-buttons\"><\/div>\n<\/div>\n<\/div>\n<\/div>\n<div class=\"wp-editor-tabs\"><\/div>","protected":false},"excerpt":{"rendered":"<p>Cette palette \u00ab\u00a0\u00a0<strong>The masquerade mini by juvias<\/strong>\u00a0\u00bb aux<strong>\u00a016 teintes<\/strong>, a \u00e9t\u00e9 inspir\u00e9e des festivit\u00e9s Africaines remplies de joie et d\u2019activit\u00e9s spirituelles.<\/p>","protected":false},"featured_media":3202,"comment_status":"closed","ping_status":"closed","template":"","meta":{"om_disable_all_campaigns":false,"_mi_skip_tracking":false,"_monsterinsights_sitenote_active":false,"_monsterinsights_sitenote_note":"","_monsterinsights_sitenote_category":0},"product_brand":[],"product_cat":[127,103,114,109],"product_tag":[169,165,330,142],"class_list":{"0":"post-3201","1":"product","2":"type-product","3":"status-publish","4":"has-post-thumbnail","6":"product_cat-boutique","7":"product_cat-maquillage","8":"product_cat-palettes-maquillage","9":"product_cat-yeux","10":"product_tag-base","11":"product_tag-beaute","12":"product_tag-mate","13":"product_tag-teint","14":"yith_product_brand-juvias","16":"first","17":"outofstock","18":"shipping-taxable","19":"purchasable","20":"product-type-simple"},"yoast_head":"<!-- This site is optimized with the Yoast SEO Premium plugin v20.8 (Yoast SEO v27.4) - https:\/\/yoast.com\/product\/yoast-seo-premium-wordpress\/ -->\n<title>The Masquerade Mini By Juvias- Lab\u00e9ma Cosmetics | Dakar -S\u00e9n\u00e9gal<\/title>\n<meta name=\"description\" content=\"Cette palette \u00ab The masquerade mini by juvias \u00bb aux 16 teintes, a \u00e9t\u00e9 inspir\u00e9e des festivit\u00e9s africaines...\" \/>\n<meta name=\"robots\" content=\"index, follow, max-snippet:-1, max-image-preview:large, max-video-preview:-1\" \/>\n<link rel=\"canonical\" href=\"https:\/\/labemacosmetics.com\/en\/product\/the-masquerade-mini-by-juvias\/\" \/>\n<meta property=\"og:locale\" content=\"en_GB\" \/>\n<meta property=\"og:type\" content=\"article\" \/>\n<meta property=\"og:title\" content=\"JUVIAS Palette The Masquerade Mini\" \/>\n<meta property=\"og:description\" content=\"Cette palette \u00ab The masquerade mini by juvias \u00bb aux 16 teintes, a \u00e9t\u00e9 inspir\u00e9e des festivit\u00e9s africaines...\" \/>\n<meta property=\"og:url\" content=\"https:\/\/labemacosmetics.com\/en\/product\/the-masquerade-mini-by-juvias\/\" \/>\n<meta property=\"og:site_name\" content=\"Lab&eacute;ma Cosmetics\" \/>\n<meta property=\"article:publisher\" content=\"http:\/\/www.facebook.com\/labemacosmetics\" \/>\n<meta property=\"article:modified_time\" content=\"2023-06-26T01:05:09+00:00\" \/>\n<meta property=\"og:image\" content=\"https:\/\/labemacosmetics.com\/wp-content\/uploads\/2017\/08\/Juvias2-1.jpg\" \/>\n\t<meta property=\"og:image:width\" content=\"932\" \/>\n\t<meta property=\"og:image:height\" content=\"1024\" \/>\n\t<meta property=\"og:image:type\" content=\"image\/jpeg\" \/>\n<meta name=\"twitter:card\" content=\"summary_large_image\" \/>\n<meta name=\"twitter:site\" content=\"@Labemasn\" \/>\n<meta name=\"twitter:label1\" content=\"Price\" \/>\n\t<meta name=\"twitter:data1\" content=\"25 000&nbsp;CFA\" \/>\n\t<meta name=\"twitter:label2\" content=\"Availability\" \/>\n\t<meta name=\"twitter:data2\" content=\"Out of stock\" \/>\n<script type=\"application\/ld+json\" class=\"yoast-schema-graph\">{\"@context\":\"https:\\\/\\\/schema.org\",\"@graph\":[{\"@type\":\"WebPage\",\"@id\":\"https:\\\/\\\/labemacosmetics.com\\\/produit\\\/the-masquerade-mini-by-juvias\\\/\",\"url\":\"https:\\\/\\\/labemacosmetics.com\\\/produit\\\/the-masquerade-mini-by-juvias\\\/\",\"name\":\"The Masquerade Mini By Juvias- Lab\u00e9ma Cosmetics | Dakar -S\u00e9n\u00e9gal\",\"isPartOf\":{\"@id\":\"https:\\\/\\\/labemacosmetics.com\\\/#website\"},\"primaryImageOfPage\":{\"@id\":\"https:\\\/\\\/labemacosmetics.com\\\/produit\\\/the-masquerade-mini-by-juvias\\\/#primaryimage\"},\"image\":{\"@id\":\"https:\\\/\\\/labemacosmetics.com\\\/produit\\\/the-masquerade-mini-by-juvias\\\/#primaryimage\"},\"thumbnailUrl\":\"https:\\\/\\\/labemacosmetics.com\\\/wp-content\\\/uploads\\\/2017\\\/08\\\/Juvias2-1.jpg\",\"datePublished\":\"2017-08-22T01:50:50+00:00\",\"dateModified\":\"2023-06-26T01:05:09+00:00\",\"description\":\"Cette palette \u00ab The masquerade mini by juvias \u00bb aux 16 teintes, a \u00e9t\u00e9 inspir\u00e9e des festivit\u00e9s africaines...\",\"breadcrumb\":{\"@id\":\"https:\\\/\\\/labemacosmetics.com\\\/produit\\\/the-masquerade-mini-by-juvias\\\/#breadcrumb\"},\"inLanguage\":\"en-GB\",\"potentialAction\":[{\"@type\":\"ReadAction\",\"target\":[\"https:\\\/\\\/labemacosmetics.com\\\/produit\\\/the-masquerade-mini-by-juvias\\\/\"]}]},{\"@type\":\"ImageObject\",\"inLanguage\":\"en-GB\",\"@id\":\"https:\\\/\\\/labemacosmetics.com\\\/produit\\\/the-masquerade-mini-by-juvias\\\/#primaryimage\",\"url\":\"https:\\\/\\\/labemacosmetics.com\\\/wp-content\\\/uploads\\\/2017\\\/08\\\/Juvias2-1.jpg\",\"contentUrl\":\"https:\\\/\\\/labemacosmetics.com\\\/wp-content\\\/uploads\\\/2017\\\/08\\\/Juvias2-1.jpg\",\"width\":932,\"height\":1024,\"caption\":\"The masquerade mini by juvias\"},{\"@type\":\"BreadcrumbList\",\"@id\":\"https:\\\/\\\/labemacosmetics.com\\\/produit\\\/the-masquerade-mini-by-juvias\\\/#breadcrumb\",\"itemListElement\":[{\"@type\":\"ListItem\",\"position\":1,\"name\":\"Accueil\",\"item\":\"https:\\\/\\\/labemacosmetics.com\\\/\"},{\"@type\":\"ListItem\",\"position\":2,\"name\":\"Produits\",\"item\":\"https:\\\/\\\/labemacosmetics.com\\\/shop\\\/\"},{\"@type\":\"ListItem\",\"position\":3,\"name\":\"JUVIAS Palette The Masquerade Mini\"}]},{\"@type\":\"WebSite\",\"@id\":\"https:\\\/\\\/labemacosmetics.com\\\/#website\",\"url\":\"https:\\\/\\\/labemacosmetics.com\\\/\",\"name\":\"Lab&eacute;ma Cosmetics\",\"description\":\"\",\"potentialAction\":[{\"@type\":\"SearchAction\",\"target\":{\"@type\":\"EntryPoint\",\"urlTemplate\":\"https:\\\/\\\/labemacosmetics.com\\\/?s={search_term_string}\"},\"query-input\":{\"@type\":\"PropertyValueSpecification\",\"valueRequired\":true,\"valueName\":\"search_term_string\"}}],\"inLanguage\":\"en-GB\"}]}<\/script>\n<meta property=\"product:brand\" content=\"Juvia&#039;s Place\" \/>\n<meta property=\"product:price:amount\" content=\"25000\" \/>\n<meta property=\"product:price:currency\" content=\"XOF\" \/>\n<meta property=\"og:availability\" content=\"out of stock\" \/>\n<meta property=\"product:availability\" content=\"out of stock\" \/>\n<meta property=\"product:retailer_item_id\" content=\"minijuvias\" \/>\n<meta property=\"product:condition\" content=\"new\" \/>\n<!-- \/ Yoast SEO Premium plugin. -->","yoast_head_json":{"title":"The Masquerade Mini By Juvias- Lab\u00e9ma Cosmetics | Dakar -S\u00e9n\u00e9gal","description":"Cette palette \u00ab The masquerade mini by juvias \u00bb aux 16 teintes, a \u00e9t\u00e9 inspir\u00e9e des festivit\u00e9s africaines...","robots":{"index":"index","follow":"follow","max-snippet":"max-snippet:-1","max-image-preview":"max-image-preview:large","max-video-preview":"max-video-preview:-1"},"canonical":"https:\/\/labemacosmetics.com\/en\/product\/the-masquerade-mini-by-juvias\/","og_locale":"en_GB","og_type":"article","og_title":"JUVIAS Palette The Masquerade Mini","og_description":"Cette palette \u00ab The masquerade mini by juvias \u00bb aux 16 teintes, a \u00e9t\u00e9 inspir\u00e9e des festivit\u00e9s africaines...","og_url":"https:\/\/labemacosmetics.com\/en\/product\/the-masquerade-mini-by-juvias\/","og_site_name":"Lab&eacute;ma Cosmetics","article_publisher":"http:\/\/www.facebook.com\/labemacosmetics","article_modified_time":"2023-06-26T01:05:09+00:00","og_image":[{"width":932,"height":1024,"url":"https:\/\/labemacosmetics.com\/wp-content\/uploads\/2017\/08\/Juvias2-1.jpg","type":"image\/jpeg"}],"twitter_card":"summary_large_image","twitter_site":"@Labemasn","twitter_misc":{"Price":"25 000&nbsp;CFA","Availability":"Out of stock"},"schema":{"@context":"https:\/\/schema.org","@graph":[{"@type":"WebPage","@id":"https:\/\/labemacosmetics.com\/produit\/the-masquerade-mini-by-juvias\/","url":"https:\/\/labemacosmetics.com\/produit\/the-masquerade-mini-by-juvias\/","name":"The Masquerade Mini By Juvias- Lab\u00e9ma Cosmetics | Dakar -S\u00e9n\u00e9gal","isPartOf":{"@id":"https:\/\/labemacosmetics.com\/#website"},"primaryImageOfPage":{"@id":"https:\/\/labemacosmetics.com\/produit\/the-masquerade-mini-by-juvias\/#primaryimage"},"image":{"@id":"https:\/\/labemacosmetics.com\/produit\/the-masquerade-mini-by-juvias\/#primaryimage"},"thumbnailUrl":"https:\/\/labemacosmetics.com\/wp-content\/uploads\/2017\/08\/Juvias2-1.jpg","datePublished":"2017-08-22T01:50:50+00:00","dateModified":"2023-06-26T01:05:09+00:00","description":"Cette palette \u00ab The masquerade mini by juvias \u00bb aux 16 teintes, a \u00e9t\u00e9 inspir\u00e9e des festivit\u00e9s africaines...","breadcrumb":{"@id":"https:\/\/labemacosmetics.com\/produit\/the-masquerade-mini-by-juvias\/#breadcrumb"},"inLanguage":"en-GB","potentialAction":[{"@type":"ReadAction","target":["https:\/\/labemacosmetics.com\/produit\/the-masquerade-mini-by-juvias\/"]}]},{"@type":"ImageObject","inLanguage":"en-GB","@id":"https:\/\/labemacosmetics.com\/produit\/the-masquerade-mini-by-juvias\/#primaryimage","url":"https:\/\/labemacosmetics.com\/wp-content\/uploads\/2017\/08\/Juvias2-1.jpg","contentUrl":"https:\/\/labemacosmetics.com\/wp-content\/uploads\/2017\/08\/Juvias2-1.jpg","width":932,"height":1024,"caption":"The masquerade mini by juvias"},{"@type":"BreadcrumbList","@id":"https:\/\/labemacosmetics.com\/produit\/the-masquerade-mini-by-juvias\/#breadcrumb","itemListElement":[{"@type":"ListItem","position":1,"name":"Accueil","item":"https:\/\/labemacosmetics.com\/"},{"@type":"ListItem","position":2,"name":"Produits","item":"https:\/\/labemacosmetics.com\/shop\/"},{"@type":"ListItem","position":3,"name":"JUVIAS Palette The Masquerade Mini"}]},{"@type":"WebSite","@id":"https:\/\/labemacosmetics.com\/#website","url":"https:\/\/labemacosmetics.com\/","name":"Lab&eacute;ma Cosmetics","description":"","potentialAction":[{"@type":"SearchAction","target":{"@type":"EntryPoint","urlTemplate":"https:\/\/labemacosmetics.com\/?s={search_term_string}"},"query-input":{"@type":"PropertyValueSpecification","valueRequired":true,"valueName":"search_term_string"}}],"inLanguage":"en-GB"}]},"product_brand":"Juvia's Place","product_price_amount":"25000","product_price_currency":"XOF","og_availability":"out of stock","product_availability":"out of stock","product_retailer_item_id":"minijuvias","product_condition":"new"},"_links":{"self":[{"href":"https:\/\/labemacosmetics.com\/en\/wp-json\/wp\/v2\/product\/3201","targetHints":{"allow":["GET"]}}],"collection":[{"href":"https:\/\/labemacosmetics.com\/en\/wp-json\/wp\/v2\/product"}],"about":[{"href":"https:\/\/labemacosmetics.com\/en\/wp-json\/wp\/v2\/types\/product"}],"replies":[{"embeddable":true,"href":"https:\/\/labemacosmetics.com\/en\/wp-json\/wp\/v2\/comments?post=3201"}],"version-history":[{"count":0,"href":"https:\/\/labemacosmetics.com\/en\/wp-json\/wp\/v2\/product\/3201\/revisions"}],"wp:featuredmedia":[{"embeddable":true,"href":"https:\/\/labemacosmetics.com\/en\/wp-json\/wp\/v2\/media\/3202"}],"wp:attachment":[{"href":"https:\/\/labemacosmetics.com\/en\/wp-json\/wp\/v2\/media?parent=3201"}],"wp:term":[{"taxonomy":"product_brand","embeddable":true,"href":"https:\/\/labemacosmetics.com\/en\/wp-json\/wp\/v2\/product_brand?post=3201"},{"taxonomy":"product_cat","embeddable":true,"href":"https:\/\/labemacosmetics.com\/en\/wp-json\/wp\/v2\/product_cat?post=3201"},{"taxonomy":"product_tag","embeddable":true,"href":"https:\/\/labemacosmetics.com\/en\/wp-json\/wp\/v2\/product_tag?post=3201"}],"curies":[{"name":"wp","href":"https:\/\/api.w.org\/{rel}","templated":true}]}}

<h6><strong>The masquerade mini by juvias</strong></h6>
<p id="tw-target-text" class="tw-data-text tw-ta tw-text-small" dir="ltr" data-placeholder="Traduction">Cette palette «  <strong>The masquerade mini by juvias</strong> » aux<strong> 16 teintes</strong>, a été inspirée des festivités Africaines remplies de joie et d’activités spirituelles.Alors  les couleurs vives représentent les costumes utilisés aux festivals. Ainsi les teintes Nude et brunes représentent  le sol Africain et ses environnements. L’équilibre parfait entre le neutre et le vif. <span lang="fr">Avec l&rsquo;équilibre parfait des nuances audacieuses et neutres. Donc la palette de mini masquerade représente les costumes et le sol de la culture et des environnements africains. Combinant des finis chatoyants et mates, appliquez humide ou sec pour créer des regards d&rsquo;oeil intenses et à fort impact.</span></p>
<p id="tw-target-text" class="tw-data-text tw-ta tw-text-small" dir="ltr" data-placeholder="Traduction"><span lang="fr">cette palette est une version plus petite de la palette de mascarade. Voyage amical et compatible. Parfait pour l&rsquo;amant de maquillage de tous les jours.</span></p>
<div id="postdivrich" class="postarea wp-editor-expand">
<div id="wp-content-wrap" class="wp-core-ui wp-editor-wrap tmce-active has-dfw">
<div id="wp-content-editor-tools" class="wp-editor-tools hide-if-no-js">
<div id="wp-content-media-buttons" class="wp-media-buttons"></div>
</div>
</div>
</div>
<div class="wp-editor-tabs"></div>

<p>Cette palette «  <strong>The masquerade mini by juvias</strong> » aux<strong> 16 teintes</strong>, a été inspirée des festivités Africaines remplies de joie et d’activités spirituelles.</p>

<!-- This site is optimized with the Yoast SEO Premium plugin v20.8 (Yoast SEO v27.4) - https://yoast.com/product/yoast-seo-premium-wordpress/ -->
<title>The Masquerade Mini By Juvias- Labéma Cosmetics | Dakar -Sénégal</title>
<meta name="description" content="Cette palette « The masquerade mini by juvias » aux 16 teintes, a été inspirée des festivités africaines..." />
<meta name="robots" content="index, follow, max-snippet:-1, max-image-preview:large, max-video-preview:-1" />
<link rel="canonical" href="https://labemacosmetics.com/en/product/the-masquerade-mini-by-juvias/" />
<meta property="og:locale" content="en_GB" />
<meta property="og:type" content="article" />
<meta property="og:title" content="JUVIAS Palette The Masquerade Mini" />
<meta property="og:description" content="Cette palette « The masquerade mini by juvias » aux 16 teintes, a été inspirée des festivités africaines..." />
<meta property="og:url" content="https://labemacosmetics.com/en/product/the-masquerade-mini-by-juvias/" />
<meta property="og:site_name" content="Lab&eacute;ma Cosmetics" />
<meta property="article:publisher" content="http://www.facebook.com/labemacosmetics" />
<meta property="article:modified_time" content="2023-06-26T01:05:09+00:00" />
<meta property="og:image" content="https://labemacosmetics.com/wp-content/uploads/2017/08/Juvias2-1.jpg" />
	<meta property="og:image:width" content="932" />
	<meta property="og:image:height" content="1024" />
	<meta property="og:image:type" content="image/jpeg" />
<meta name="twitter:card" content="summary_large_image" />
<meta name="twitter:site" content="@Labemasn" />
<meta name="twitter:label1" content="Price" />
	<meta name="twitter:data1" content="25 000&nbsp;CFA" />
	<meta name="twitter:label2" content="Availability" />
	<meta name="twitter:data2" content="Out of stock" />
<script type="application/ld+json" class="yoast-schema-graph">{"@context":"https:\/\/schema.org","@graph":[{"@type":"WebPage","@id":"https:\/\/labemacosmetics.com\/produit\/the-masquerade-mini-by-juvias\/","url":"https:\/\/labemacosmetics.com\/produit\/the-masquerade-mini-by-juvias\/","name":"The Masquerade Mini By Juvias- Labéma Cosmetics | Dakar -Sénégal","isPartOf":{"@id":"https:\/\/labemacosmetics.com\/#website"},"primaryImageOfPage":{"@id":"https:\/\/labemacosmetics.com\/produit\/the-masquerade-mini-by-juvias\/#primaryimage"},"image":{"@id":"https:\/\/labemacosmetics.com\/produit\/the-masquerade-mini-by-juvias\/#primaryimage"},"thumbnailUrl":"https:\/\/labemacosmetics.com\/wp-content\/uploads\/2017\/08\/Juvias2-1.jpg","datePublished":"2017-08-22T01:50:50+00:00","dateModified":"2023-06-26T01:05:09+00:00","description":"Cette palette « The masquerade mini by juvias » aux 16 teintes, a été inspirée des festivités africaines...","breadcrumb":{"@id":"https:\/\/labemacosmetics.com\/produit\/the-masquerade-mini-by-juvias\/#breadcrumb"},"inLanguage":"en-GB","potentialAction":[{"@type":"ReadAction","target":["https:\/\/labemacosmetics.com\/produit\/the-masquerade-mini-by-juvias\/"]}]},{"@type":"ImageObject","inLanguage":"en-GB","@id":"https:\/\/labemacosmetics.com\/produit\/the-masquerade-mini-by-juvias\/#primaryimage","url":"https:\/\/labemacosmetics.com\/wp-content\/uploads\/2017\/08\/Juvias2-1.jpg","contentUrl":"https:\/\/labemacosmetics.com\/wp-content\/uploads\/2017\/08\/Juvias2-1.jpg","width":932,"height":1024,"caption":"The masquerade mini by juvias"},{"@type":"BreadcrumbList","@id":"https:\/\/labemacosmetics.com\/produit\/the-masquerade-mini-by-juvias\/#breadcrumb","itemListElement":[{"@type":"ListItem","position":1,"name":"Accueil","item":"https:\/\/labemacosmetics.com\/"},{"@type":"ListItem","position":2,"name":"Produits","item":"https:\/\/labemacosmetics.com\/shop\/"},{"@type":"ListItem","position":3,"name":"JUVIAS Palette The Masquerade Mini"}]},{"@type":"WebSite","@id":"https:\/\/labemacosmetics.com\/#website","url":"https:\/\/labemacosmetics.com\/","name":"Lab&eacute;ma Cosmetics","description":"","potentialAction":[{"@type":"SearchAction","target":{"@type":"EntryPoint","urlTemplate":"https:\/\/labemacosmetics.com\/?s={search_term_string}"},"query-input":{"@type":"PropertyValueSpecification","valueRequired":true,"valueName":"search_term_string"}}],"inLanguage":"en-GB"}]}</script>
<meta property="product:brand" content="Juvia&#039;s Place" />
<meta property="product:price:amount" content="25000" />
<meta property="product:price:currency" content="XOF" />
<meta property="og:availability" content="out of stock" />
<meta property="product:availability" content="out of stock" />
<meta property="product:retailer_item_id" content="minijuvias" />
<meta property="product:condition" content="new" />
<!-- / Yoast SEO Premium plugin. -->

The Masquerade Mini By Juvias- Labéma Cosmetics | Dakar -Sénégal

Cette palette « The masquerade mini by juvias » aux 16 teintes, a été inspirée des festivités africaines...
